when 741 is divided by 150?
141
What is the remainder when 181 is divided by 52?
25
What is the remainder when 21945 is divided by 16?
9
Calculate the remainder when 668 is divided by 28.
24
What is the remainder when 787 is divided by 57?
46
What is the remainder when 451 is divided by 56?
3
What is the remainder when 779 is divided by 15?
14
Calculate the remainder when 383 is divided by 110.
53
Calculate the remainder when 36 is divided by 22.
14
What is the remainder when 3606 is divided by 22?
20
What is the remainder when 78 is divided by 48?
30
What is the remainder when 180 is divided by 73?
34
Calculate the remainder when 99 is divided by 30.
9
Calculate the remainder when 500 is divided by 71.
3
Calculate the remainder when 331 is divided by 36.
7
What is the remainder when 168 is divided by 42?
0
Calculate the remainder when 717 is divided by 90.
87
What is the remainder when 1491 is divided by 83?
80
What is the remainder when 331 is divided by 56?
51
Calculate the remainder when 512 is divided by 19.
18
What is the remainder when 2657 is divided by 2657?
0
What is the remainder when 319 is divided by 16?
15
Calculate the remainder when 43 is divided by 12.
7
Calculate the remainder when 243 is divided by 21.
12
Calculate the remainder when 816 is divided by 63.
60
Calculate the remainder when 2304 is divided by 47.
1
What is the remainder when 194 is divided by 6?
2
Calculate the remainder when 5718 is divided by 286.
284
What is the remainder when 4529 is divided by 44?
41
What is the remainder when 255 is divided by 55?
35
Calculate the remainder when 159 is divided by 18.
15
What is the remainder when 362 is divided by 91?
89
What is the remainder when 158 is divided by 47?
17
What is the remainder when 757 is divided by 8?
5
What is the remainder when 18488 is divided by 11?
8
Calculate the remainder when 103 is divided by 10.
3
What is the remainder when 37 is divided by 4?
1
What is the remainder when 529 is divided by 35?
4
What is the remainder when 3022 is divided by 16?
14
Calculate the remainder when 784 is divided by 72.
64
What is the remainder when 234 is divided by 68?
30
What is the remainder when 1154 is divided by 89?
86
Calculate the remainder when 544 is divided by 75.
19
What is the remainder when 122 is divided by 11?
1
What is the remainder when 1006 is divided by 302?
100
Calculate the remainder when 31 is divided by 8.
7
What is the remainder when 85 is divided by 10?
5
Calculate the remainder when 214 is divided by 43.
42
Calculate the remainder when 654 is divided by 9.
6
Calculate the remainder when 79 is divided by 31.
17
What is the remainder when 154 is divided by 55?
44
What is the remainder when 195 is divided by 18?
15
Calculate the remainder when 15135 is divided by 22.
21
Calculate the remainder when 279 is divided by 79.
42
What is the remainder when 37 is divided by 33?
4
Calculate the remainder when 96 is divided by 7.
5
What is the remainder when 153 is divided by 54?
45
Calculate the remainder when 1690 is divided by 18.
16
Calculate the remainder when 4978 is divided by 18.
10
Calculate the remainder when 84 is divided by 34.
16
What is the remainder when 152 is divided by 27?
17
Calculate the remainder when 227 is divided by 141.
86
Calculate the remainder when 4547 is divided by 65.
62
Calculate the remainder when 104 is divided by 56.
48
Calculate the remainder when 15389 is divided by 19.
18
Calculate the remainder when 15 is divided by 12.
3
Calculate the remainder when 96 is divided by 54.
42
Calculate the remainder when 107 is divided by 4.
3
What is the remainder when 669 is divided by 12?
9
Calculate the remainder when 532 is divided by 126.
28
Calculate the remainder when 1492 is divided by 123.
16
What is the remainder when 524 is divided by 266?
258
Calculate the remainder when 15900 is divided by 28.
24
What is the remainder when 5792 is divided by 161?
157
What is the remainder when 6259 is divided by 58?
53
What is the remainder when 95 is divided by 2?
1
What is the remainder when 862 is divided by 8?
6
Calculate the remainder when 337 is divided by 26.
25
What is the remainder when 1938 is divided by 483?
6
Calculate the remainder when 1110 is divided by 39.
18
Calculate the remainder when 97 is divided by 34.
29
Calculate the remainder when 237 is divided by 40.
37
Calculate the remainder when 4179 is divided by 110.
109
Calculate the remainder when 1733 is divided by 14.
11
What is the remainder when 1140 is divided by 22?
18
What is the remainder when 1649 is divided by 149?
10
What is the remainder when 207 is divided by 76?
55
Calculate the remainder when 193 is divided by 58.
19
What is the remainder when 764 is divided by 9?
8
Calculate the remainder when 88 is divided by 20.
8
What is the remainder when 1092 is divided by 181?
6
Calculate the remainder when 17 is divided by 13.
4
Calculate the remainder when 2042 is divided by 147.
131
Calculate the remainder when 277 is divided by 77.
46
What is the remainder when 29 is divided by 13?
3
What is the remainder when 428 is divided by 103?
16
Calculate the remainder when 312 is divided by 31.
2
What is the remainder when 191 is divided by 69?
53
What is the remainder when 170 is divided by 25?
20
Calculate the remainder when 584 is divided by 98.
94
What is the remainder when 3545 is divided by 882?
17
What is the remainder when 13122 is divided by 11?
10
What is the remainder when 2098 is divided by 140?
138
Calculate the remainder when 158 is divided by 80.
78
Calculate the remainder when 1080 is divided by 270.
0
Calculate the remainder when 361 is divided by 28.
25
Calculate the remainder when 1511 is divided by 334.
175
Calculate the remainder when 360 is divided by 29.
12
What is the remainder when 179 is divided by 61?
57
What is the remainder when 51 is divided by 13?
12
Calculate the remainder when 265 is divided by 21.
13
What is the remainder when 74 is divided by 73?
1
What is the remainder when 217 is divided by 55?
52
Calculate the remainder when 46 is divided by 4.
2
What is the remainder when 303 is divided by 106?
91
Calculate the remainder when 745 is divided by 11.
8
Calculate the remainder when 522 is divided by 107.
94
Calculate the remainder when 193 is divided by 33.
28
What is the remainder when 2635 is divided by 2623?
12
What is the remainder when 435 is divided by 217?
1
Calculate the remainder when 1097 is divided by 362.
11
Calculate the remainder when 1357 is divided by 97.
96
What is the remainder when 258 is divided by 10?
8
Calculate the remainder when 131 is divided by 37.
20
Calculate the remainder when 107 is divided by 104.
3
Calculate the remainder when 546 is divided by 30.
6
Calculate the remainder when 252 is divided by 139.
113
Calculate the remainder when 60 is divided by 17.
9
Calculate the remainder when 1214 is divided by 64.
62
What is the remainder when 24903 is divided by 42?
39
Calculate the remainder when 139 is divided by 90.
49
Calculate the remainder when 519 is divided by 180.
159
Calculate the remainder when 301 is divided by 263.
38
Calculate the remainder when 614 is divided by 502.
112
Calculate the remainder when 12719 is divided by 24.
23
Calculate the remainder when 701 is divided by 307.
87
Calculate the remainder when 34 is divided by 23.
11
What is the remainder when 76 is divided by 22?
10
What is the remainder when 291 is divided by 33?
27
What is the remainder when 85 is divided by 80?
5
What is the remainder when 212 is divided by 111?
101
Calculate the remainder when 109 is divided by 6.
1
What is the remainder when 2089 is divided by 60?
49
What is the remainder when 501 is divided by 19?
7
Calculate the remainder when 797 is divided by 165.
137
What is the remainder when 518 is divided by 41?
26
Calculate the remainder when 65 is divided by 23.
19
Calculate the remainder when 35 is divided by 24.
11
What is the remainder when 344 is divided by 8?
0
What is the remainder when 329 is divided by 19?
6
What is the remainder when 204 is divided by 36?
24
Calculate the remainder when 268 is divided by 116.
36
Calculate the remainder when 707 is divided by 97.
28
Calculate the remainder when 757 is divided by 3.
1
Calculate the remainder when 1609 i